3688464 is divided by 21.
20
Calculate the remainder when 734815 is divided by 144.
127
Calculate the remainder when 1008212 is divided by 1878.
1604
Calculate the remainder when 58950582 is divided by 280717.
12
Calculate the remainder when 3178850 is divided by 191.
37
Calculate the remainder when 465857 is divided by 155170.
347
Calculate the remainder when 2089983 is divided by 77406.
21
Calculate the remainder when 1709944 is divided by 325.
119
What is the remainder when 1973783 is divided by 21454?
15
Calculate the remainder when 439985 is divided by 4112.
1
Calculate the remainder when 155079 is divided by 17223.
72
Calculate the remainder when 1357547 is divided by 1357516.
31
Calculate the remainder when 6031841 is divided by 1164.
1157
What is the remainder when 792288 is divided by 66012?
144
What is the remainder when 22380237 is divided by 329?
12
Calculate the remainder when 213983 is divided by 30561.
56
Calculate the remainder when 4733508 is divided by 301.
283
Calculate the remainder when 6629 is divided by 6463.
166
What is the remainder when 1779231 is divided by 4770?
21
What is the remainder when 8591016 is divided by 40?
16
Calculate the remainder when 175237339 is divided by 38.
35
What is the remainder when 478891803 is divided by 33?
27
Calculate the remainder when 2708015 is divided by 277.
63
What is the remainder when 106685 is divided by 6?
5
What is the remainder when 79547 is divided by 39618?
311
Calculate the remainder when 6904668 is divided by 32.
28
Calculate the remainder when 304625 is divided by 8453.
317
Calculate the remainder when 169344752 is divided by 1701.
1697
What is the remainder when 22931939 is divided by 2537?
2533
What is the remainder when 462369 is divided by 66049?
26
What is the remainder when 9945313 is divided by 923?
911
Calculate the remainder when 87132 is divided by 28864.
540
What is the remainder when 81019236 is divided by 35?
11
What is the remainder when 6958003 is divided by 34?
5
What is the remainder when 102974 is divided by 106?
48
What is the remainder when 184253647 is divided by 3188?
3187
What is the remainder when 654064 is divided by 93423?
103
What is the remainder when 367176 is divided by 616?
40
Calculate the remainder when 5478084 is divided by 32.
4
What is the remainder when 14611971 is divided by 32616?
3
Calculate the remainder when 19887524 is divided by 19.
15
What is the remainder when 8326725 is divided by 358?
3
What is the remainder when 5798398 is divided by 64?
62
What is the remainder when 858603922 is divided by 71?
70
What is the remainder when 53847368 is divided by 26923684?
0
What is the remainder when 43517 is divided by 4818?
155
What is the remainder when 506373 is divided by 308?
21
Calculate the remainder when 3968872 is divided by 3011.
374
What is the remainder when 140712 is divided by 6390?
132
Calculate the remainder when 255916 is divided by 1705.
166
What is the remainder when 181349907 is divided by 60449965?
12
Calculate the remainder when 486960 is divided by 44.
12
What is the remainder when 8906133 is divided by 72?
21
What is the remainder when 1709604 is divided by 64?
36
Calculate the remainder when 232321 is divided by 1108.
749
Calculate the remainder when 382962 is divided by 95730.
42
What is the remainder when 715164 is divided by 1538?
1532
What is the remainder when 362241 is divided by 661?
13
What is the remainder when 62119910 is divided by 8951?
8921
Calculate the remainder when 123559 is divided by 1045.
249
What is the remainder when 428677874 is divided by 6047?
6044
Calculate the remainder when 554793 is divided by 101.
0
Calculate the remainder when 3025678 is divided by 38.
4
Calculate the remainder when 34070083 is divided by 1395.
1393
Calculate the remainder when 84987 is divided by 927.
630
Calculate the remainder when 1029001 is divided by 14913.
4
Calculate the remainder when 2047319 is divided by 1696.
247
What is the remainder when 16816599 is divided by 19?
3
What is the remainder when 7707662 is divided by 27?
26
Calculate the remainder when 617127 is divided by 3391.
3356
Calculate the remainder when 30602 is divided by 216.
146
Calculate the remainder when 110868 is divided by 1581.
198
What is the remainder when 2610725 is divided by 21?
5
Calculate the remainder when 4239404 is divided by 58.
10
What is the remainder when 20768872 is divided by 214112?
8
What is the remainder when 275468 is divided by 112?
60
Calculate the remainder when 1392940 is divided by 86.
84
Calculate the remainder when 92022 is divided by 90463.
1559
Calculate the remainder when 24943 is divided by 196.
51
What is the remainder when 3547000 is divided by 2408?
16
Calculate the remainder when 5302198 is divided by 6636.
34
What is the remainder when 16710685 is divided by 32?
29
What is the remainder when 482683 is divided by 48098?
1703
Calculate the remainder when 15869 is divided by 13662.
2207
What is the remainder when 62320 is divided by 3112?
80
Calculate the remainder when 5961556 is divided by 83.
81
Calculate the remainder when 3426442 is divided by 190335.
412
What is the remainder when 40922 is divided by 1483?
881
Calculate the remainder when 51986 is divided by 755.
646
Calculate the remainder when 441488128 is divided by 30.
28
Calculate the remainder when 14213 is divided by 739.
172
Calculate the remainder when 11706318 is divided by 27.
9
Calculate the remainder when 355950 is divided by 321.
282
What is the remainder when 296586 is divided by 11405?
56
Calculate the remainder when 8773636 is divided by 1632.
4
Calculate the remainder when 166423 is divided by 15129.
4
Calculate the remainder when 205457 is divided by 1108.
477
Calculate the remainder when 495110 is divided by 4584.
38
Calculate the remainder when 7888562 is divided by 1314760.
2
Calculate the remainder when 7498615 is divided by 98662.
303
What is the remainder when 611020 is divided by 3258?
1774
What is the remainder when 4816614 is divided by 35?
19
What is the remainder when 3058531 is divided by 40780?
31
What is the remainder when 5033 is divided by 1698?
1637
Calculate the remainder when 2585692 is divided by 142.
14
What is the remainder when 130040 is divided by 374?
262
What is the remainder when 92802 is divided by 1031?
12
What is the remainder when 142671296 is divided by 11?
9
Calculate the remainder when 2097954 is divided by 4380.
4314
What is the remainder when 11508681 is divided by 685?
681
What is the remainder when 86580 is divided by 43131?
318
What is the remainder when 6201576 is divided by 563756?
260
What is the remainder when 486794 is divided by 664?
82
What is the remainder when 52988467 is divided by 971?
26
What is the remainder when 47835708 is divided by 63?
60
Calculate the remainder when 4141103 is divided by 92.
91
Calculate the remainder when 343611 is divided by 1100.
411
What is the remainder when 233038 is divided by 14562?
46
Calculate the remainder when 11240037 is divided by 29579.
17
Calculate the remainder when 49088 is divided by 7907.
1646
Calculate the remainder when 18232742 is divided by 2012.
2010
Calculate the remainder when 11522297 is divided by 14225.
47
Calculate the remainder when 12711328 is divided by 5.
3
Calculate the remainder when 8917299 is divided by 97.
89
What is the remainder when 6808239 is divided by 1927?
148
Calculate the remainder when 56820 is divided by 14198.
28
Calculate the remainder when 5974317 is divided by 2373.
1476
Calculate the remainder when 312989 is divided by 118.
53
What is the remainder when 60310 is divided by 59719?
591
Calculate the remainder when 181865 is divided by 580.
325
What is the remainder when 234387934 is divided by 106?
98
Calculate the remainder when 15152540 is divided by 528.
524
What is the remainder when 3724741 is divided by 17569?
113
Calculate the remainder when 3614617 is divided by 307.
306
Calculate the remainder when 34774 is divided by 4890.
544
Calculate the remainder when 197212 is divided by 2.
0
Calculate the remainder when 2273368 is divided by 498.
496
Calculate the remainder when 3979226 is divided by 994803.
14
What is the remainder when 660237 is divided by 12944?
93
Calculate the remainder when 42291